{"id":578,"date":"2017-06-08T13:46:57","date_gmt":"2017-06-08T13:46:57","guid":{"rendered":"http:\/\/dev-ba.dsclass.sk\/jarovsky-dvor\/?page_id=578"},"modified":"2026-04-12T06:34:15","modified_gmt":"2026-04-12T06:34:15","slug":"aktuality","status":"publish","type":"page","link":"https:\/\/www.jarovskydvor.com\/?page_id=578","title":{"rendered":"Aktuality"},"content":{"rendered":"\n<figure class=\"wp-block-gallery columns-0 is-cropped\"><ul class=\"blocks-gallery-grid\"><\/ul><\/figure>\n\n\n<div class=\"pixcode  pixcode--separator  separator separator--line-flower\">\n<div class=\"line  line--left\"><\/div>\n<div class=\"line  line--right\"><\/div>\n<div class=\"star\">&#10043;<\/div>\n<div class=\"arrows\">\n<div class=\"arrow arrow--left\"><\/div>\n<div class=\"arrow arrow--right\"><\/div>\n<\/div>\n<\/div>\n\n<p>\u00a0<\/p>\n<p>\u00a0<\/p>\n<div class=\"pixcode  pixcode--separator  separator separator--line-flower\">\n<div class=\"line  line--left\"><\/div>\n<div class=\"line  line--right\"><\/div>\n<div class=\"star\">&#10043;<\/div>\n<div class=\"arrows\">\n<div class=\"arrow arrow--left\"><\/div>\n<div class=\"arrow arrow--right\"><\/div>\n<\/div>\n<\/div>\n\n<p>\u00a0<\/p>\n<div class=\"pixcode  pixcode--separator  separator separator--line-flower\">\n<div class=\"line  line--left\"><\/div>\n<div class=\"line  line--right\"><\/div>\n<div class=\"star\">&#10043;<\/div>\n<div class=\"arrows\">\n<div class=\"arrow arrow--left\"><\/div>\n<div class=\"arrow arrow--right\"><\/div>\n<\/div>\n<\/div>\n\n<hgroup class=\"pixcode  pixcode--heading article__headline\">\n\t<h2 class=\"headline__secondary\"><span class=\"first-letter\">N<\/span>ovinka<\/h2>\n\t<h1 class=\"headline__primary\">Predaj a rozvoz jed\u00e1l<\/h1>\n<\/hgroup>\n<p lang=\"sk-SK\">\u00a0<\/p>\n<div class=\"pixcode  pixcode--separator  separator separator--line-flower\">\n<div class=\"line  line--left\"><\/div>\n<div class=\"line  line--right\"><\/div>\n<div class=\"star\">&#10043;<\/div>\n<div class=\"arrows\">\n<div class=\"arrow arrow--left\"><\/div>\n<div class=\"arrow arrow--right\"><\/div>\n<\/div>\n<\/div>\n\n<p>\u00a0<\/p>\n<div class=\"pixcode  pixcode--separator  separator separator--line-flower\">\n<div class=\"line  line--left\"><\/div>\n<div class=\"line  line--right\"><\/div>\n<div class=\"star\">&#10043;<\/div>\n<div class=\"arrows\">\n<div class=\"arrow arrow--left\"><\/div>\n<div class=\"arrow arrow--right\"><\/div>\n<\/div>\n<\/div>\n\n<div id=\"pl-578\" class=\"panel-layout\">\t<div class=\"pixcode  pixcode--grid  grid\" >\n\t\t\t<div class=\"simple grid__item six-twelfths palm-one-whole\" >\n\t\t\n<p>\u00a0<\/p>\n<p style=\"text-align: right;\"><hgroup class=\"pixcode  pixcode--heading article__headline\">\n\t<h2 class=\"headline__secondary\"><span class=\"first-letter\">N<\/span>ovinka<\/h2>\n\t<h1 class=\"headline__primary\">Nov\u00e9 detsk\u00e9 ihrisko<\/h1>\n<\/hgroup>\n<p style=\"text-align: right;\"><div class=\"pixcode  pixcode--separator  separator separator--flower\">&#10043;<\/div>\n\n<p style=\"text-align: right;\">Jarovsk\u00fd dvor mysl\u00ed aj na va\u0161e ratolesti. K dispoz\u00edcii maj\u00fa je detsk\u00e9 ihrisko s koloto\u010dom, hojda\u010dkami, pieskoviskom a super trampol\u00ednou, ktor\u00e9 va\u0161ich nezbedn\u00edkov zabavia nato\u013eko, \u017ee si aj vy vyd\u00fdchnete. Na terase n\u00e1jdete aj voli\u00e9ru s exotick\u00fdm vt\u00e1ctvom, ktor\u00e9 m\u00f4\u017eete so svojimi deti\u010dkami obdivova\u0165 i vy. V\u010faka t\u00fdmto z\u00e1bavk\u00e1m si jedlo viac vychutn\u00e1te a va\u0161e deti popritom ur\u010dite vyhladn\u00fa.<\/p>\n\t<\/div>\n\t<div class=\"grid__item six-twelfths palm-one-whole\" >\n\t\t<img loading=\"lazy\" class=\"alignnone wp-image-952 size-full\" src=\"http:\/\/www.jarovskydvor.com\/wp-content\/uploads\/2017\/09\/gallery-2.jpg\" alt=\"\" width=\"1450\" height=\"967\" \/><\/p>\n\t<\/div>\n\t<\/div>\n<div class=\"pixcode  pixcode--separator  separator separator--line-flower\">\n<div class=\"line  line--left\"><\/div>\n<div class=\"line  line--right\"><\/div>\n<div class=\"star\">&#10043;<\/div>\n<div class=\"arrows\">\n<div class=\"arrow arrow--left\"><\/div>\n<div class=\"arrow arrow--right\"><\/div>\n<\/div>\n<\/div>\n\u00a0\t<div class=\"pixcode  pixcode--grid  grid\" >\n\t\t\t<div class=\"grid__item six-twelfths palm-one-whole\" >\n\t\t\u00a0<\/p>\n\t<\/div>\n\t<div class=\"empty_column grid__item six-twelfths palm-one-whole\" >\n\t\t\t<\/div>\n\t<\/div>\n\u00a0<\/p>\n<\/div>","protected":false},"excerpt":{"rendered":"<p>\u00a0 \u00a0 \u00a0 \u00a0 \u00a0 \u00a0\u00a0<\/p>\n","protected":false},"author":1,"featured_media":586,"parent":477,"menu_order":1,"comment_status":"closed","ping_status":"closed","template":"","meta":[],"_links":{"self":[{"href":"https:\/\/www.jarovskydvor.com\/index.php?rest_route=\/wp\/v2\/pages\/578"}],"collection":[{"href":"https:\/\/www.jarovskydvor.com\/index.php?rest_route=\/wp\/v2\/pages"}],"about":[{"href":"https:\/\/www.jarovskydvor.com\/index.php?rest_route=\/wp\/v2\/types\/page"}],"author":[{"embeddable":true,"href":"https:\/\/www.jarovskydvor.com\/index.php?rest_route=\/wp\/v2\/users\/1"}],"replies":[{"embeddable":true,"href":"https:\/\/www.jarovskydvor.com\/index.php?rest_route=%2Fwp%2Fv2%2Fcomments&post=578"}],"version-history":[{"count":103,"href":"https:\/\/www.jarovskydvor.com\/index.php?rest_route=\/wp\/v2\/pages\/578\/revisions"}],"predecessor-version":[{"id":2330,"href":"https:\/\/www.jarovskydvor.com\/index.php?rest_route=\/wp\/v2\/pages\/578\/revisions\/2330"}],"up":[{"embeddable":true,"href":"https:\/\/www.jarovskydvor.com\/index.php?rest_route=\/wp\/v2\/pages\/477"}],"wp:featuredmedia":[{"embeddable":true,"href":"https:\/\/www.jarovskydvor.com\/index.php?rest_route=\/wp\/v2\/media\/586"}],"wp:attachment":[{"href":"https:\/\/www.jarovskydvor.com\/index.php?rest_route=%2Fwp%2Fv2%2Fmedia&parent=578"}],"curies":[{"name":"wp","href":"https:\/\/api.w.org\/{rel}","templated":true}]}}